{"id":7911,"date":"2023-07-22T14:16:32","date_gmt":"2023-07-22T13:16:32","guid":{"rendered":"https:\/\/cristallerie-schwalb.fr\/?product=coffret-6-verres-oenologie"},"modified":"2026-01-19T20:15:40","modified_gmt":"2026-01-19T19:15:40","slug":"coffret-6-verres-oenologie","status":"publish","type":"product","link":"https:\/\/cristallerie-schwalb.fr\/?product=coffret-6-verres-oenologie","title":{"rendered":"Coffret de verres &#8220;Oenologie&#8221;"},"content":{"rendered":"","protected":false},"excerpt":{"rendered":"<p>Ce verre en cristallin \u00e0 la forme innovante avec son piqu\u00e9 prononc\u00e9 permet une rotation pr\u00e9cise des vins et aussi d\u2019intensifier les ar\u00f4mes .<\/p>\n<p>\u2022 Souffl\u00e9<br \/>\n\u2022 Taill\u00e9 main<br \/>\n\u2022 Sabl\u00e9 main<br \/>\n\u2022 Cristallin<\/p>\n<p><em>Nos diff\u00e9rentes tailles pour ce produit :<br \/>\n<\/em><\/p>\n<ul>\n<li>Flutes : 22 cl<\/li>\n<li>Verres \u00e0 vin : 27 cl<\/li>\n<li>Verres \u00e0 vin : 38 cl<\/li>\n<li>Verres \u00e0 vin : 50 cl<\/li>\n<\/ul>\n","protected":false},"featured_media":7938,"comment_status":"closed","ping_status":"closed","template":"","meta":[],"product_cat":[295],"product_tag":[132,101,87,157,114,131,90,91,85],"class_list":{"0":"post-7911","1":"product","2":"type-product","3":"status-publish","4":"has-post-thumbnail","6":"product_cat-personnalisable","7":"product_tag-coffret-verres","8":"product_tag-cristallin","9":"product_tag-rouge","10":"product_tag-sablage","11":"product_tag-sable","12":"product_tag-souffle","13":"product_tag-taille-main","14":"product_tag-verre","15":"product_tag-vin","16":"tm-has-options","18":"first","19":"outofstock","20":"featured","21":"shipping-taxable","22":"purchasable","23":"product-type-variable","24":"has-default-attributes"},"_links":{"self":[{"href":"https:\/\/cristallerie-schwalb.fr\/index.php?rest_route=\/wp\/v2\/product\/7911"}],"collection":[{"href":"https:\/\/cristallerie-schwalb.fr\/index.php?rest_route=\/wp\/v2\/product"}],"about":[{"href":"https:\/\/cristallerie-schwalb.fr\/index.php?rest_route=\/wp\/v2\/types\/product"}],"replies":[{"embeddable":true,"href":"https:\/\/cristallerie-schwalb.fr\/index.php?rest_route=%2Fwp%2Fv2%2Fcomments&post=7911"}],"wp:featuredmedia":[{"embeddable":true,"href":"https:\/\/cristallerie-schwalb.fr\/index.php?rest_route=\/wp\/v2\/media\/7938"}],"wp:attachment":[{"href":"https:\/\/cristallerie-schwalb.fr\/index.php?rest_route=%2Fwp%2Fv2%2Fmedia&parent=7911"}],"wp:term":[{"taxonomy":"product_cat","embeddable":true,"href":"https:\/\/cristallerie-schwalb.fr\/index.php?rest_route=%2Fwp%2Fv2%2Fproduct_cat&post=7911"},{"taxonomy":"product_tag","embeddable":true,"href":"https:\/\/cristallerie-schwalb.fr\/index.php?rest_route=%2Fwp%2Fv2%2Fproduct_tag&post=7911"}],"curies":[{"name":"wp","href":"https:\/\/api.w.org\/{rel}","templated":true}]}}