{"id":8587,"date":"2023-10-20T20:25:16","date_gmt":"2023-10-20T19:25:16","guid":{"rendered":"https:\/\/cristallerie-schwalb.fr\/?product=boule-de-noel-renne-traineau-2"},"modified":"2025-10-11T12:52:39","modified_gmt":"2025-10-11T11:52:39","slug":"boule-de-noel-renne-traineau-2","status":"publish","type":"product","link":"https:\/\/cristallerie-schwalb.fr\/?product=boule-de-noel-renne-traineau-2","title":{"rendered":"Boule de No\u00ebl &#8211; Renne + Traineau"},"content":{"rendered":"","protected":false},"excerpt":{"rendered":"<p>Boule de No\u00ebl d\u00e9cor &#8220;Renne + Traineau&#8221;. Gravure par sablage, un pr\u00e9nom ou une date offerte. \u00c0 vous de composer votre boule pour offrir \u00e0 vos proches un cadeau original.<\/p>\n<p>Emballage boite cadeau.<\/p>\n<p>\u2022 Taill\u00e9e main<\/p>\n<p>Chaque boule \u00e9tant r\u00e9alis\u00e9e artisanalement dans nos ateliers, le design peut l\u00e9g\u00e8rement varier d\u2019un mod\u00e8le \u00e0 l\u2019autre. La photo est pr\u00e9sent\u00e9e \u00e0 titre illustratif.<\/p>\n","protected":false},"featured_media":8612,"comment_status":"closed","ping_status":"closed","template":"","meta":[],"product_cat":[296],"product_tag":[269,267,270,272,145,265,266,254,268,200,128],"class_list":{"0":"post-8587","1":"product","2":"type-product","3":"status-publish","4":"has-post-thumbnail","6":"product_cat-speciale","7":"product_tag-boule","8":"product_tag-boule-de-noel","9":"product_tag-boules","10":"product_tag-decor-renne-traineau-pere-noel","11":"product_tag-decoration","12":"product_tag-flocon","13":"product_tag-flocons-de-neige","14":"product_tag-gravure-au-sablage","15":"product_tag-noel","16":"product_tag-soufflee-bouche","17":"product_tag-taillee-main","18":"tm-no-options","20":"first","21":"instock","22":"featured","23":"shipping-taxable","24":"purchasable","25":"product-type-simple"},"_links":{"self":[{"href":"https:\/\/cristallerie-schwalb.fr\/index.php?rest_route=\/wp\/v2\/product\/8587"}],"collection":[{"href":"https:\/\/cristallerie-schwalb.fr\/index.php?rest_route=\/wp\/v2\/product"}],"about":[{"href":"https:\/\/cristallerie-schwalb.fr\/index.php?rest_route=\/wp\/v2\/types\/product"}],"replies":[{"embeddable":true,"href":"https:\/\/cristallerie-schwalb.fr\/index.php?rest_route=%2Fwp%2Fv2%2Fcomments&post=8587"}],"wp:featuredmedia":[{"embeddable":true,"href":"https:\/\/cristallerie-schwalb.fr\/index.php?rest_route=\/wp\/v2\/media\/8612"}],"wp:attachment":[{"href":"https:\/\/cristallerie-schwalb.fr\/index.php?rest_route=%2Fwp%2Fv2%2Fmedia&parent=8587"}],"wp:term":[{"taxonomy":"product_cat","embeddable":true,"href":"https:\/\/cristallerie-schwalb.fr\/index.php?rest_route=%2Fwp%2Fv2%2Fproduct_cat&post=8587"},{"taxonomy":"product_tag","embeddable":true,"href":"https:\/\/cristallerie-schwalb.fr\/index.php?rest_route=%2Fwp%2Fv2%2Fproduct_tag&post=8587"}],"curies":[{"name":"wp","href":"https:\/\/api.w.org\/{rel}","templated":true}]}}